he highest common divisor of 25 and j?
25
Suppose -2*y = -4*l + 60, 14*l = 12*l - 3*y + 46. Calculate the greatest common factor of 17 and l.
17
Let o be (-3 - -343)/(13 + -11) + -4. Calculate the highest common factor of o and 581.
83
Let t(q) = q**3 - 8*q**2 + 2*q + 4. Let a be t(8). Let b be 2/2*12/3. Suppose -b*u + 3*u = -4. What is the greatest common divisor of a and u?
4
Let o be -6 - (-18 + 8 - 4). Let a be (0 - -1) + (-2 - -6). Suppose x = 6*x - a. What is the highest common factor of o and x?
1
Suppose -7*l + 6*l = 6. Let k(z) = -3*z - 15. Let x be k(l). What is the highest common divisor of 6 and x?
3
Let m = 13 + -23. Let p be (-8)/(-20) + (-476)/m. Suppose 5*k - 3*k = p. Calculate the greatest common factor of k and 6.
6
Suppose -2*y = 4, 0 = 3*p - 3*y - 103 + 28. Suppose 0 = 3*i - 2*i - 253. Calculate the highest common divisor of p and i.
23
Suppose -5*m + 17 = -0*m + 4*j, -5*j = 5*m - 20. Let f = -5 - m. Let i(d) = -d - 2. Let n be i(f). Calculate the highest common divisor of 44 and n.
4
Let q(z) = -3*z**2 - 13*z + 33. Let k be q(-11). Let h = k + 403. What is the greatest common divisor of 18 and h?
18
Suppose -2*w + 232 = 4*j, -5*j + 282 = 2*w - 10. What is the greatest common divisor of 75 and j?
15
Let u = 4 - -5. Let r(m) = -m. Let v(n) = -19*n**2 - 5*n + 2. Let f(g) = 6*r(g) - v(g). Let q be f(2). Calculate the highest common divisor of q and u.
9
Let x(u) = -2*u + 2. Let k(f) = f - 2. Let s(y) = -2*k(y) - 3*x(y). Let o be s(3). Let g be 525/(-2)*(-8)/o. Calculate the highest common factor of 21 and g.
21
Let k = -2 + 2. Suppose k = -4*a - 2*w + 6, 0 = -2*a + 4*w - 8 - 14. Let h be 1*(a + 0 - -5). Calculate the greatest common factor of h and 44.
4
Suppose 0 = -3*a - 4*a. Let n be 103 - (-5 + a + 3). What is the highest common factor of 21 and n?
21
Let m(a) = -31*a + 1. Let l be m(-1). Let s(r) = 3*r**2 - 6*r - 16. Suppose -87 = -10*o + 13. Let w be s(o). What is the highest common divisor of l and w?
32
Let x(z) be the third derivative of z**5/60 - 13*z**4/24 + 5*z**3 - 14*z**2. Let c be x(14). Calculate the greatest common divisor of c and 22.
22
Suppose 4*a = 14 - 46. Let o = a + -2. Let i = o + 12. What is the highest common factor of 2 and i?
2
Suppose 2*o - 3*j = 12, -7*o + 3*j + 21 = -2*o. Let s be o/(75/(-42) - -2). Calculate the highest common divisor of s and 2.
2
Suppose -198*x - 272 = -199*x - 5*p, -4*x = -3*p - 973. Calculate the greatest common factor of 171 and x.
19
Let q be 2 - 1*(-4)/4. Suppose 9 = q*h + 4*s - 7*s, 0 = -h + 4*s + 9. Calculate the highest common factor of 4 and h.
1
Let h(b) be the first derivative of -b**2/2 + 33*b + 14. Let j be h(0). Calculate the greatest common divisor of 264 and j.
33
Let f(x) = 12*x. Let y = -43 + 46. Let d be f(y). Calculate the highest common divisor of d and 90.
18
Let f(b) = b**3 + 21*b**2 + 16*b - 77. Let x be f(-19). What is the greatest common divisor of x and 155?
31
Let d be 4*(-1 + (-1192)/(-68)) + 34/(-289). Let c be 1*(4 - -2*1). Calculate the highest common factor of c and d.
6
Let x = 38 + -8. Suppose -13*p - x = -18*p. Calculate the greatest common factor of 4 and p.
2
Suppose -4*s = -5*r + 732, 4*r - s - 291 = 2*r. Calculate the highest common factor of 108 and r.
36
Let b be 1/(72/(-8)) - 2811/(-27). What is the greatest common divisor of 4 and b?
4
Let u = -19 - -25. Let z = -24 + 33. Calculate the greatest common factor of u and z.
3
Let k = 1015 + -811. What is the greatest common divisor of k and 1326?
102
Let c(z) = z**3 + 10*z**2 + 3*z - 6. Let a be c(-9). Calculate the greatest common divisor of a and 24.
24
Suppose j - 2*m + 62 = 6*j, 0 = -5*m - 20. What is the greatest common factor of j and 7?
7
Suppose 0 = -10*r + 1504 - 444. What is the greatest common factor of r and 742?
106
Let u(a) = 2*a**2 - 45*a + 138. Let o be u(19). Let y = 5 - 4. What is the highest common divisor of y and o?
1
Let l = 1005 - 925. Calculate the highest common factor of l and 880.
80
Suppose 326 = 2*q + t, -2*t = -7*t - 20. Let r be 4/2*2 + 56. Suppose -16*l + r = -12*l. Calculate the highest common divisor of q and l.
15
Let z(x) = x**2 + 3*x - 4. Let b be z(-6). Suppose 4*a - 5*r = -0*a + 187, -3*a = -3*r - 144. Let j = 74 - a. What is the greatest common factor of b and j?
7
Suppose l - 9 = 2*c, -5*l + 61 = 2*c + 16. Let q be 4/(-10) + (-2)/(-5). Let i = 9 + q. Calculate the highest common factor of l and i.
9
Let i be 68 + 0 + -1 + -2. Calculate the greatest common factor of 845 and i.
65
Suppose -j = -2*j + 34. Suppose -2*y + j = -b + 5*b, -2*y + 4 = b. What is the highest common divisor of b and 10?
10
Suppose -5 = q - 13. Suppose -6*z - 2*z = -344. Suppose -4*b - z = -59. Calculate the highest common divisor of b and q.
4
Let f(t) be the third derivative of -t**6/120 + t**5/10 + t**4/6 - 5*t**3/6 - 4*t**2. Let s be f(5). What is the highest common factor of s and 280?
40
Suppose -2*c - 53 = -3*c. Suppose -3*k = 2*v - 28, -4*k - 14 + c = 3*v. Suppose -14 = -5*j + k. Calculate the highest common divisor of j and 2.
2
Suppose 0 = -5*l + 2*v + 17 + 7, 3 = -2*l + 5*v. Let y be 4/l + (-1230)/(-45). What is the highest common divisor of 70 and y?
14
Suppose i + 12*i - 767 = 0. Suppose -3*j = -46 - i. What is the greatest common factor of 5 and j?
5
Let j = 370 + -254. Let n = 84 + -55. What is the highest common divisor of j and n?
29
Let m = -1 + 11. Let r = 3918 + -3808. What is the greatest common factor of r and m?
10
Let r(s) = 7*s**2 - 6*s**2 - 2*s**2 + 9*s - 14. Let p be r(4). Let h = 104 - 38. What is the greatest common divisor of p and h?
6
Suppose -5*i = 3*m - 1771, 12 = -29*m + 25*m. What is the highest common divisor of i and 445?
89
Suppose 5*r + 10 = 20. Suppose 3*f - 7 - 44 = r*w, 2*w = -6. Let g = -36 + 81. Calculate the highest common factor of f and g.
15
Let j = 607 - 332. Suppose -2*l + 19 = 5. Suppose 5*g = q, -4*q - 3*g = -l*g - 80. Calculate the greatest common divisor of q and j.
25
Let v be (6/8)/(2/8). Suppose -3*l = 3*x - 9 - v, 0 = -2*l + 5*x + 43. What is the greatest common divisor of l and 6?
3
Suppose -5*j = -311 - 289. Let o = -109 - -124. What is the highest common factor of o and j?
15
Suppose -4*z - 38 + 318 = 0. Suppose z + 38 = 2*n. What is the highest common factor of 9 and n?
9
Let z = -129 - -417. Let y = -132 + z. What is the highest common divisor of 39 and y?
39
Suppose 78*m = 96*m - 324. Calculate the highest common divisor of 84 and m.
6
Let l(b) = 21*b**2 + 3*b + 22. Let r be l(-5). What is the greatest common factor of 152 and r?
76
Suppose 1115 = 2*c + g, 0*c + 1690 = 3*c + 5*g. What is the greatest common factor of c and 37?
37
Let b(y) = 4*y - 5 - 7*y**2 - 4*y - 2*y + 0*y - y**3. Let p be b(-7). Let u = 25 + -16. Calculate the greatest common factor of u and p.
9
Let j(t) be the third derivative of -t**5/30 + 11*t**4/12 - 5*t**3/2 - 11*t**2. Let n be j(6). What is the greatest common divisor of n and 60?
15
Let r(b) = -b**3 + 6*b**2 + b. Let n be r(4). Let i = -2399 + 2489. What is the greatest common factor of i and n?
18
Let a(g) = 3*g**2 - 10*g - 4. Let y be a(5). Let l = y + -20. Calculate the greatest common divisor of l and 9.
1
Let r be (-16)/(-80) + ((-27)/5)/(-3). Suppose -r*b + 81 = -129. What is the greatest common divisor of b and 15?
15
Let v be (-1)/(-3) - 5/(-3). Suppose 3*o = v*o + 35. Let f be 10*(7/2 - 3). What is the greatest common divisor of o and f?
5
Suppose y + 2*o - 420 = 0, 0 = y - 5*o - 304 - 109. What is the greatest common divisor of y and 2?
2
Let q(u) = -83*u - 352. Let f be q(-5). Calculate the greatest common divisor of 171 and f.
9
Let u = -1779 + 1839. Calculate the greatest common divisor of u and 36.
12
Suppose 4*r = 5*c - 265, -r - r = -5*c + 265. What is the greatest common factor of 53 and c?
53
Let c be 2 + -5 - (-110)/(2/1). Suppose -4*y + 3 = -n - 3, -3*n = 2*y - c. What is the greatest common divisor of 154 and n?
14
Let g = -1202 + 1224. What is the highest common divisor of 198 and g?
22
Suppose -3*n + h + 13 = -72, 0 = -4*n + 3*h + 105. Suppose 0 = -205*p + 213*p - 960. Calculate the greatest common factor of n and p.
30
Let i be -5*(-10)/(-225) - 195/(-27). What is the greatest common factor of 182 and i?
7
Let g be (12/10)/(6/20). Let z(m) = 3*m + 1 + 4 + 